
{"version":"1.0","provider_name":"IT Girls Foundation","provider_url":"https:\/\/itgirls.org.pl\/en","author_name":"IT Girls","author_url":"https:\/\/itgirls.org.pl\/en\/author\/it-girls\/","title":"Nasze prezeski nominowane w plebiscycie Wszechmocne 2025 \u2013 w kategorii \u201eNauka\u201d! - Fundacja IT Girls","type":"rich","width":600,"height":338,"html":"<blockquote class=\"wp-embedded-content\" data-secret=\"VmwK7NGrJr\"><a href=\"https:\/\/itgirls.org.pl\/en\/nasze-prezeski-nominowane-w-plebiscycie-wszechmocne\/\">Nasze prezeski nominowane w plebiscycie Wszechmocne 2025 \u2013 w kategorii \u201eNauka\u201d!<\/a><\/blockquote><iframe sandbox=\"allow-scripts\" security=\"restricted\" src=\"https:\/\/itgirls.org.pl\/en\/nasze-prezeski-nominowane-w-plebiscycie-wszechmocne\/embed\/#?secret=VmwK7NGrJr\" width=\"600\" height=\"338\" title=\"&#8220;Nasze prezeski nominowane w plebiscycie Wszechmocne 2025 \u2013 w kategorii \u201eNauka\u201d!&#8221; &#8212; Fundacja IT Girls\" data-secret=\"VmwK7NGrJr\" frameborder=\"0\" marginwidth=\"0\" marginheight=\"0\" scrolling=\"no\" class=\"wp-embedded-content\"><\/iframe><script>\n\/*! This file is auto-generated *\/\n!function(d,l){\"use strict\";l.querySelector&&d.addEventListener&&\"undefined\"!=typeof URL&&(d.wp=d.wp||{},d.wp.receiveEmbedMessage||(d.wp.receiveEmbedMessage=function(e){var t=e.data;if((t||t.secret||t.message||t.value)&&!\/[^a-zA-Z0-9]\/.test(t.secret)){for(var s,r,n,a=l.querySelectorAll('iframe[data-secret=\"'+t.secret+'\"]'),o=l.querySelectorAll('blockquote[data-secret=\"'+t.secret+'\"]'),c=new RegExp(\"^https?:$\",\"i\"),i=0;i<o.length;i++)o[i].style.display=\"none\";for(i=0;i<a.length;i++)s=a[i],e.source===s.contentWindow&&(s.removeAttribute(\"style\"),\"height\"===t.message?(1e3<(r=parseInt(t.value,10))?r=1e3:~~r<200&&(r=200),s.height=r):\"link\"===t.message&&(r=new URL(s.getAttribute(\"src\")),n=new URL(t.value),c.test(n.protocol))&&n.host===r.host&&l.activeElement===s&&(d.top.location.href=t.value))}},d.addEventListener(\"message\",d.wp.receiveEmbedMessage,!1),l.addEventListener(\"DOMContentLoaded\",function(){for(var e,t,s=l.querySelectorAll(\"iframe.wp-embedded-content\"),r=0;r<s.length;r++)(t=(e=s[r]).getAttribute(\"data-secret\"))||(t=Math.random().toString(36).substring(2,12),e.src+=\"#?secret=\"+t,e.setAttribute(\"data-secret\",t)),e.contentWindow.postMessage({message:\"ready\",secret:t},\"*\")},!1)))}(window,document);\n<\/script>","thumbnail_url":"https:\/\/itgirls.org.pl\/wp-content\/uploads\/2025\/09\/AdaWiolaKlimczak.jpg","thumbnail_width":1620,"thumbnail_height":1080,"description":"Z ogromn\u0105 rado\u015bci\u0105 i dum\u0105 informujemy, \u017ce wsp\u00f3\u0142za\u0142o\u017cycielki i prezeski Fundacji IT Girls \u2013 Wiola i Ada Klimczak \u2013 zosta\u0142y nominowane w presti\u017cowym plebiscycie Wszechmocne 2024, organizowanym przez redakcj\u0119 WP Kobieta. Nominacja dotyczy kategorii \u201eNauka\u201d, co dla nas \u2013 ca\u0142ego zespo\u0142u Fundacji \u2013 ma szczeg\u00f3lne znaczenie.To wyr\u00f3\u017cnienie nie tylko docenia ich indywidualne zaanga\u017cowanie i pasj\u0119, ale te\u017c stanowi symboliczne uhonorowanie wielu lat pracy na rzecz edukacji, r\u00f3\u017cnorodno\u015bci i r\u00f3wno\u015bci w dost\u0119pie do nowych technologii."}

Z ogromną radością i dumą informujemy, że współzałożycielki i prezeski Fundacji IT Girls – Wiola i Ada Klimczak – zostały nominowane w prestiżowym plebiscycie Wszechmocne 2024, organizowanym przez redakcję WP Kobieta. Nominacja dotyczy kategorii „Nauka”, co dla nas – całego zespołu Fundacji – ma szczególne znaczenie.To wyróżnienie nie tylko docenia ich indywidualne zaangażowanie i pasję, ale też stanowi symboliczne uhonorowanie wielu lat pracy na rzecz edukacji, różnorodności i równości w dostępie do nowych technologii.
